{"id":450,"date":"2024-08-25T15:25:54","date_gmt":"2024-08-25T15:25:54","guid":{"rendered":"http:\/\/xima.es\/?page_id=450"},"modified":"2025-05-30T10:11:36","modified_gmt":"2025-05-30T10:11:36","slug":"instalacion-fotovoltaica","status":"publish","type":"page","link":"http:\/\/xima.es\/index.php\/instalacion-fotovoltaica\/","title":{"rendered":"Instalaci\u00f3n Fotovolta\u00edca"},"content":{"rendered":"<div class=\"wpb-content-wrapper\">[vc_section full_width=\u00bbstretch_row\u00bb css=\u00bb.vc_custom_1725485456656{background-color: #ffffff !important;border-color: #ffffff !important;}\u00bb][vc_row full_width=\u00bbstretch_row\u00bb content_placement=\u00bbmiddle\u00bb remove_bottom_col_margin=\u00bbtrue\u00bb wpex_fixed_bg=\u00bbfixed\u00bb wpex_bg_overlay=\u00bbdark\u00bb css=\u00bb.vc_custom_1724420416640{padding-top: 30px !important;padding-bottom: 30px !important;background-image: url(http:\/\/xima.es\/wp-content\/uploads\/2024\/08\/somos-scaled.jpg?id=406) !important;background-position: center !important;background-repeat: no-repeat !important;background-size: cover !important;}\u00bb wpex_bg_overlay_opacity=\u00bb60%\u00bb min_height=\u00bb300px\u00bb][vc_column]<style>.vcex-heading.vcex_69f447ed1e72f{color:#ffffff;font-size:50px;line-height:1.2;}@media (max-width:959px){.vcex-heading.vcex_69f447ed1e72f{font-size:40px;}}@media (max-width:479px){.vcex-heading.vcex_69f447ed1e72f{font-size:35px;}}<\/style><div class=\"vcex-heading vcex-heading-plain vcex-module wpex-heading wpex-text-2xl wpex-mb-15 wpex-text-center vcex_69f447ed1e72f\"><span class=\"vcex-heading-inner wpex-inline-block\">INSTALACI\u00d3N FOTOVOLTAICA<\/span><\/div>[vc_column_text css=\u00bb\u00bb text_align=\u00bbcenter\u00bb color=\u00bb#ffffff\u00bb font_size=\u00bb20px\u00bb]PL\u00c1STICOS XIMA[\/vc_column_text][\/vc_column][\/vc_row][vc_row content_placement=\u00bbmiddle\u00bb gap=\u00bb30&#8243; remove_bottom_col_margin=\u00bbtrue\u00bb center_row=\u00bbyes\u00bb local_scroll_id=\u00bboverview\u00bb css=\u00bb.vc_custom_1724420715659{margin-top: 50px !important;}\u00bb][vc_column width=\u00bb1\/2&#8243;]<div class=\"vcex-spacing wpex-w-100 wpex-clear\"><\/div>[vc_column_text css=\u00bb\u00bb text_align=\u00bbcenter\u00bb font_size=\u00bb1.2em\u00bb width=\u00bb350px\u00bb]<b>Finalizado el proyecto de una instalaci\u00f3n fotovoltaica de autoconsumo en la planta de Pl\u00e1sticos Xima en Peralta<\/b>[\/vc_column_text]<div class=\"vcex-spacing wpex-w-100 wpex-clear\"><\/div>[vc_column_text css=\u00bb\u00bb text_align=\u00bbcenter\u00bb font_size=\u00bb1.2em\u00bb width=\u00bb350px\u00bb]<a href=\"http:\/\/xima.es\/wp-content\/uploads\/2024\/08\/Noticia_WEB_PXIMA.pdf\">Ver noticia I<\/a>[\/vc_column_text][vc_column_text css=\u00bb\u00bb text_align=\u00bbcenter\u00bb font_size=\u00bb1.2em\u00bb width=\u00bb350px\u00bb]<a href=\"http:\/\/xima.es\/wp-content\/uploads\/2024\/08\/12_Plan_Estrategico_RENO21_PXIMA_autoconsumo.pdf\">Ver noticia II<\/a>[\/vc_column_text]<div class=\"vcex-spacing wpex-w-100 wpex-clear\"><\/div>[\/vc_column][vc_column width=\u00bb1\/2&#8243;][vc_column_text css=\u00bb\u00bb text_align=\u00bbcenter\u00bb width=\u00bb700px\u00bb]\n<p style=\"text-align: left;\">En el marco de nuestro compromiso con el planeta y alineado con los principales valores de la empresa para crear un entorno mejor y m\u00e1s sostenible, hemos finalizado el proyecto de una instalaci\u00f3n solar fotovoltaica de autoconsumo en la planta de Pl\u00e1sticos\u00a0Xima en Peralta.<span class=\"Apple-converted-space\">\u00a0<\/span><\/p>\n<p style=\"text-align: left;\">Esta instalaci\u00f3n va a proporcionar 216 kWp que permitir\u00e1 producir un cuarto de las necesidades en electricidad de la planta de Pl\u00e1sticos Xima en Peralta y va a reducir la huella de carbono de manera significativa.<span class=\"Apple-converted-space\">\u00a0<\/span><\/p>\n<p style=\"text-align: left;\">Este proyecto se ha acogido al programa de incentivos ligados al autoconsumo y almacenamiento con fuentes de energ\u00eda renovables, y ha recibido una ayuda en el marco del Plan de Recuperaci\u00f3n, Transformaci\u00f3n y Resiliencia (PRTR) financiado por la Uni\u00f3n Europea \u2013 NextGenerationEU.<span class=\"Apple-converted-space\">\u00a0<\/span><\/p>\n[\/vc_column_text][\/vc_column][\/vc_row][\/vc_section]\n<\/div>","protected":false},"excerpt":{"rendered":"<p>[vc_section full_width=\u00bbstretch_row\u00bb css=\u00bb.vc_custom_1725485456656{background-color: #ffffff !important;border-color: #ffffff !important;}\u00bb][vc_row full_width=\u00bbstretch_row\u00bb content_placement=\u00bbmiddle\u00bb remove_bottom_col_margin=\u00bbtrue\u00bb wpex_fixed_bg=\u00bbfixed\u00bb wpex_bg_overlay=\u00bbdark\u00bb css=\u00bb.vc_custom_1724420416640{padding-top: 30px !important;padding-bottom: 30px !important;background-image: url(http:\/\/xima.es\/wp-content\/uploads\/2024\/08\/somos-scaled.jpg?id=406) !important;background-position: center !important;background-repeat: no-repeat !important;background-size: cover !important;}\u00bb wpex_bg_overlay_opacity=\u00bb60%\u00bb min_height=\u00bb300px\u00bb][vc_column][vc_column_text css=\u00bb\u00bb text_align=\u00bbcenter\u00bb color=\u00bb#ffffff\u00bb font_size=\u00bb20px\u00bb]PL\u00c1STICOS XIMA[\/vc_column_text][\/vc_column][\/vc_row][vc_row content_placement=\u00bbmiddle\u00bb gap=\u00bb30&#8243; remove_bottom_col_margin=\u00bbtrue\u00bb center_row=\u00bbyes\u00bb local_scroll_id=\u00bboverview\u00bb css=\u00bb.vc_custom_1724420715659{margin-top: 50px !important;}\u00bb][vc_column width=\u00bb1\/2&#8243;][vc_column_text css=\u00bb\u00bb text_align=\u00bbcenter\u00bb font_size=\u00bb1.2em\u00bb width=\u00bb350px\u00bb]Finalizado el proyecto de una instalaci\u00f3n fotovoltaica de autoconsumo en la&hellip;<\/p>\n","protected":false},"author":1,"featured_media":0,"parent":0,"menu_order":0,"comment_status":"closed","ping_status":"closed","template":"","meta":{"footnotes":""},"class_list":["post-450","page","type-page","status-publish","hentry","entry","no-media"],"_links":{"self":[{"href":"http:\/\/xima.es\/index.php\/wp-json\/wp\/v2\/pages\/450","targetHints":{"allow":["GET"]}}],"collection":[{"href":"http:\/\/xima.es\/index.php\/wp-json\/wp\/v2\/pages"}],"about":[{"href":"http:\/\/xima.es\/index.php\/wp-json\/wp\/v2\/types\/page"}],"author":[{"embeddable":true,"href":"http:\/\/xima.es\/index.php\/wp-json\/wp\/v2\/users\/1"}],"replies":[{"embeddable":true,"href":"http:\/\/xima.es\/index.php\/wp-json\/wp\/v2\/comments?post=450"}],"version-history":[{"count":14,"href":"http:\/\/xima.es\/index.php\/wp-json\/wp\/v2\/pages\/450\/revisions"}],"predecessor-version":[{"id":857,"href":"http:\/\/xima.es\/index.php\/wp-json\/wp\/v2\/pages\/450\/revisions\/857"}],"wp:attachment":[{"href":"http:\/\/xima.es\/index.php\/wp-json\/wp\/v2\/media?parent=450"}],"curies":[{"name":"wp","href":"https:\/\/api.w.org\/{rel}","templated":true}]}}

Instalación Fotovoltaíca

<div class="wpb-content-wrapper">[vc_section full_width=»stretch_row» css=».vc_custom_1725485456656{background-color: #ffffff !important;border-color: #ffffff !important;}»][vc_row full_width=»stretch_row» content_placement=»middle» remove_bottom_col_margin=»true» wpex_fixed_bg=»fixed» wpex_bg_overlay=»dark» css=».vc_custom_1724420416640{padding-top: 30px !important;padding-bottom: 30px !important;background-image: url(http://xima.es/wp-content/uploads/2024/08/somos-scaled.jpg?id=406) !important;background-position: center !important;background-repeat: no-repeat !important;background-size: cover !important;}» wpex_bg_overlay_opacity=»60%» min_height=»300px»][vc_column]<style>.vcex-heading.vcex_69f447ed1e72f{color:#ffffff;font-size:50px;line-height:1.2;}@media (max-width:959px){.vcex-heading.vcex_69f447ed1e72f{font-size:40px;}}@media (max-width:479px){.vcex-heading.vcex_69f447ed1e72f{font-size:35px;}}</style><div class="vcex-heading vcex-heading-plain vcex-module wpex-heading wpex-text-2xl wpex-mb-15 wpex-text-center vcex_69f447ed1e72f"><span class="vcex-heading-inner wpex-inline-block">INSTALACIÓN FOTOVOLTAICA</span></div>[vc_column_text css=»» text_align=»center» color=»#ffffff» font_size=»20px»]PLÁSTICOS XIMA[/vc_column_text][/vc_column][/vc_row][vc_row content_placement=»middle» gap=»30&#8243; remove_bottom_col_margin=»true» center_row=»yes» local_scroll_id=»overview» css=».vc_custom_1724420715659{margin-top: 50px !important;}»][vc_column width=»1/2&#8243;]<div class="vcex-spacing wpex-w-100 wpex-clear"></div>[vc_column_text css=»» text_align=»center» font_size=»1.2em» width=»350px»]<b>Finalizado el proyecto de una instalación fotovoltaica de autoconsumo en la planta de Plásticos Xima en Peralta</b>[/vc_column_text]<div class="vcex-spacing wpex-w-100 wpex-clear"></div>[vc_column_text css=»» text_align=»center» font_size=»1.2em» width=»350px»]<a href="http://xima.es/wp-content/uploads/2024/08/Noticia_WEB_PXIMA.pdf">Ver noticia I</a>[/vc_column_text][vc_column_text css=»» text_align=»center» font_size=»1.2em» width=»350px»]<a href="http://xima.es/wp-content/uploads/2024/08/12_Plan_Estrategico_RENO21_PXIMA_autoconsumo.pdf">Ver noticia II</a>[/vc_column_text]<div class="vcex-spacing wpex-w-100 wpex-clear"></div>[/vc_column][vc_column width=»1/2&#8243;][vc_column_text css=»» text_align=»center» width=»700px»]
<p style="text-align: left;">En el marco de nuestro compromiso con el planeta y alineado con los principales valores de la empresa para crear un entorno mejor y más sostenible, hemos finalizado el proyecto de una instalación solar fotovoltaica de autoconsumo en la planta de Plásticos Xima en Peralta.<span class="Apple-converted-space"> </span></p>
<p style="text-align: left;">Esta instalación va a proporcionar 216 kWp que permitirá producir un cuarto de las necesidades en electricidad de la planta de Plásticos Xima en Peralta y va a reducir la huella de carbono de manera significativa.<span class="Apple-converted-space"> </span></p>
<p style="text-align: left;">Este proyecto se ha acogido al programa de incentivos ligados al autoconsumo y almacenamiento con fuentes de energía renovables, y ha recibido una ayuda en el marco del Plan de Recuperación, Transformación y Resiliencia (PRTR) financiado por la Unión Europea – NextGenerationEU.<span class="Apple-converted-space"> </span></p>
[/vc_column_text][/vc_column][/vc_row][/vc_section]
</div>

<p>[vc_section full_width=»stretch_row» css=».vc_custom_1725485456656{background-color: #ffffff !important;border-color: #ffffff !important;}»][vc_row full_width=»stretch_row» content_placement=»middle» remove_bottom_col_margin=»true» wpex_fixed_bg=»fixed» wpex_bg_overlay=»dark» css=».vc_custom_1724420416640{padding-top: 30px !important;padding-bottom: 30px !important;background-image: url(http://xima.es/wp-content/uploads/2024/08/somos-scaled.jpg?id=406) !important;background-position: center !important;background-repeat: no-repeat !important;background-size: cover !important;}» wpex_bg_overlay_opacity=»60%» min_height=»300px»][vc_column][vc_column_text css=»» text_align=»center» color=»#ffffff» font_size=»20px»]PLÁSTICOS XIMA[/vc_column_text][/vc_column][/vc_row][vc_row content_placement=»middle» gap=»30&#8243; remove_bottom_col_margin=»true» center_row=»yes» local_scroll_id=»overview» css=».vc_custom_1724420715659{margin-top: 50px !important;}»][vc_column width=»1/2&#8243;][vc_column_text css=»» text_align=»center» font_size=»1.2em» width=»350px»]Finalizado el proyecto de una instalación fotovoltaica de autoconsumo en la&hellip;</p>
