{"id":635,"date":"2024-09-04T22:04:03","date_gmt":"2024-09-04T22:04:03","guid":{"rendered":"http:\/\/xima.es\/?page_id=635"},"modified":"2024-09-04T22:07:52","modified_gmt":"2024-09-04T22:07:52","slug":"aviso-legal","status":"publish","type":"page","link":"http:\/\/xima.es\/index.php\/aviso-legal\/","title":{"rendered":"Aviso Legal"},"content":{"rendered":"<div class=\"wpb-content-wrapper\">[vc_section full_width=\u00bbstretch_row\u00bb css=\u00bb.vc_custom_1725484688224{background-color: #ffffff !important;border-color: #ffffff !important;}\u00bb][vc_row full_width=\u00bbstretch_row\u00bb content_placement=\u00bbmiddle\u00bb remove_bottom_col_margin=\u00bbtrue\u00bb wpex_fixed_bg=\u00bbfixed\u00bb wpex_bg_overlay=\u00bbdark\u00bb css=\u00bb.vc_custom_1724420416640{padding-top: 30px !important;padding-bottom: 30px !important;background-image: url(http:\/\/xima.es\/wp-content\/uploads\/2024\/08\/somos-scaled.jpg?id=406) !important;background-position: center !important;background-repeat: no-repeat !important;background-size: cover !important;}\u00bb wpex_bg_overlay_opacity=\u00bb60%\u00bb min_height=\u00bb300px\u00bb][vc_column]<style>.vcex-heading.vcex_69f447f98522a{color:#ffffff;font-size:50px;line-height:1.2;}@media (max-width:959px){.vcex-heading.vcex_69f447f98522a{font-size:40px;}}@media (max-width:479px){.vcex-heading.vcex_69f447f98522a{font-size:35px;}}<\/style><div class=\"vcex-heading vcex-heading-plain vcex-module wpex-heading wpex-text-2xl wpex-mb-15 wpex-text-center vcex_69f447f98522a\"><span class=\"vcex-heading-inner wpex-inline-block\">AVISO LEGAL<\/span><\/div>[vc_column_text css=\u00bb\u00bb text_align=\u00bbcenter\u00bb color=\u00bb#ffffff\u00bb font_size=\u00bb20px\u00bb]XIMA PL\u00c1STICOS[\/vc_column_text][\/vc_column][\/vc_row][\/vc_section][vc_row full_width=\u00bbstretch_row_content_no_spaces\u00bb content_placement=\u00bbmiddle\u00bb css=\u00bb.vc_custom_1725484721939{padding-top: 100px !important;background-color: #ffffff !important;border-color: #ffffff !important;}\u00bb local_scroll_id=\u00bbfeatures\u00bb][vc_column css=\u00bb.vc_custom_1724425462525{padding-right: 8vw !important;padding-left: 8vw !important;}\u00bb][vc_column_text css=\u00bb\u00bb]<strong>DATOS GENERALES<\/strong><br \/>\nPLASTICOS XIMA, S.L., (en adelante PLASTICOS XIMA, S.L.) como titular del sitio web y\u00a0de acuerdo con el art\u00edculo 10 de la Ley 34\/2002, de 11 de julio, de Servicios de la\u00a0Sociedad de la Informaci\u00f3n y de Comercio Electr\u00f3nico pone a su disposici\u00f3n los\u00a0siguientes datos:<br \/>\nSu denominaci\u00f3n social es PLASTICOS XIMA, S.L.\u00a0Su NIF es B316335345<br \/>\nRegistro Mercantil de Navarra al Tomo 626; folio 33 hoja n\u00famero NA-13.019,\u00a0inscripci\u00f3n 1\u00aa.\u00a0Su domicilio social est\u00e1 en POL. IND. EL ESCOPAR, CALLE A, N\u00ba 9, 31350, de\u00a0PERALTA (NAVARRA), Espa\u00f1a.<br \/>\nPLASTICOS XIMA, S.L. informa que la Web http:\/\/www.xima.es\/ tiene por objeto\u00a0facilitar, al p\u00fablico en general, el conocimiento de las actividades que esta empresa\u00a0realiza y de los productos y servicios que presta.<\/p>\n<p><strong>CONDICIONES DE USO<\/strong><br \/>\nEl acceso y utilizaci\u00f3n de este sitio Web le atribuye la condici\u00f3n de usuario, aceptando\u00a0con dicho acceso las Condiciones de Uso expuestas a continuaci\u00f3n.\u00a0Este sitio Web proporciona al usuario acceso a informaci\u00f3n y contenidos sobre los que\u00a0el usuario asume la responsabilidad, extendi\u00e9ndose esta al proceso de registro que\u00a0pudiera ser necesario para acceder a determinados servicios o contenidos.<br \/>\nEn el proceso de registro el usuario ser\u00e1 igualmente responsable de facilitar\u00a0informaci\u00f3n veraz, leg\u00edtima y actualizada, as\u00ed como de hacer un uso diligente y\u00a0confidencial de los datos de acceso proporcionados.\u00a0El usuario se compromete a hacer un uso adecuado de la informaci\u00f3n, contenidos y\u00a0servicios del presente sitio Web y en especial a no realizar ninguna acci\u00f3n que pudiera\u00a0causar da\u00f1os f\u00edsicos o l\u00f3gicos al sistema, as\u00ed como intentar acceder al mismo de modo<br \/>\nfraudulento utilizando datos de acceso no autorizados.<\/p>\n<p><strong>RESPONSABILIDADES<\/strong><br \/>\nTanto el acceso a esta Web como el uso que pueda hacerse de la informaci\u00f3n\u00a0contenida en el mismo es de la exclusiva responsabilidad de quien lo realiza. El usuario\u00a0ser\u00e1 responsable de todas las acciones que realice con su identificador de usuario.\u00a0En concreto, ser\u00e1 responsable de escoger, como clave y como recordatorio de la\u00a0misma, contrase\u00f1as y frases robustas, esto es, cifras y letras e incluso, en los sistemas\u00a0que lo permitan, signos de puntuaci\u00f3n y caracteres especiales, dif\u00edciles de adivinar. En\u00a0especial, el usuario evitar\u00e1 escoger palabras del diccionario, palabras que est\u00e9n\u00a0relacionadas con \u00e9l mismo (nombre de familiar, domicilio, fecha de nacimiento, etc.) o sencillas de adivinar (combinaciones de nombres con meses, prefijos y sufijos, etc.).<br \/>\nPLASTICOS XIMA, S.L. no responder\u00e1 de ninguna consecuencia, da\u00f1o o perjuicio que\u00a0pudieran derivarse de dicho acceso o uso de la informaci\u00f3n.\u00a0PLASTICOS XIMA, S.L. se reserva el derecho de efectuar sin previo aviso y sin asumir\u00a0alguna responsabilidad por ello las modificaciones que considere oportunas en su sitio\u00a0Web, pudiendo cambiar, suprimir o a\u00f1adir tanto los contenidos y servicios que se\u00a0presten a trav\u00e9s de la misma como la forma en la que \u00e9stos aparezcan presentados o\u00a0localizados.<br \/>\nLe comunicamos que cualquier precio u oferta que pueda ver en nuestra web ser\u00e1\u00a0solamente orientativo. Si el usuario desea saber con exactitud el precio de un producto\u00a0o servicio deber\u00e1 contactar con PLASTICOS XIMA, S.L. para que le elabore un\u00a0presupuesto.<br \/>\nPLASTICOS XIMA, S.L. no garantiza la inexistencia de errores en el acceso a la Web, en\u00a0su contenido, ni que \u00e9ste se encuentre actualizado, aunque desarrollar\u00e1 sus mejores\u00a0esfuerzos para, en su caso, evitarlos, subsanarlos o actualizarlos.\u00a0PLASTICOS XIMA, S.L. no se hace responsable, en ning\u00fan caso, de los da\u00f1os y perjuicios\u00a0de cualquier naturaleza que pudieran ocasionar, a t\u00edtulo enunciativo: errores u\u00a0omisiones en los contenidos, falta de disponibilidad del portal o la transmisi\u00f3n de virus\u00a0o programas maliciosos o lesivos en los contenidos, a pesar de haber adoptado todas\u00a0las medidas tecnol\u00f3gicas necesarias para evitarlo.<\/p>\n<p><strong>PROPIEDAD INTELECTUAL E INDUSTRIAL<\/strong><br \/>\nPLASTICOS XIMA, S.L. es propietaria o dispone de los debidos permisos relativos a los\u00a0derechos de propiedad intelectual de este sitio Web y de los elementos contenidos en\u00a0el mismo: textos, im\u00e1genes, sonidos, v\u00eddeos, marcas, logotipos, dise\u00f1o, etc. En virtud\u00a0de lo dispuesto en los art\u00edculos 8 y 32.1 de la Ley de Propiedad Intelectual, quedan\u00a0expresamente prohibidas la reproducci\u00f3n, la distribuci\u00f3n y la comunicaci\u00f3n p\u00fablica,\u00a0incluida su modalidad de puesta a disposici\u00f3n, de la totalidad o parte de los contenidos\u00a0de este sitio Web en cualquier soporte y por cualquier medio t\u00e9cnico, sin la\u00a0autorizaci\u00f3n de PLASTICOS XIMA, S.L. y\/o de sus respectivos autores o titulares de los\u00a0derechos.<br \/>\nEl usuario podr\u00e1 visualizar, imprimir, copiar y almacenar los elementos de este sitio\u00a0Web siempre y cuando sea, \u00fanica y exclusivamente, para su uso personal y privado.\u00a0La utilizaci\u00f3n no autorizada de la informaci\u00f3n contenida en esta Web, as\u00ed como la\u00a0lesi\u00f3n de los derechos de Propiedad Intelectual o Industrial de PLASTICOS XIMA, S.L.,\u00a0dar\u00e1 lugar a las responsabilidades legalmente establecidas.<br \/>\nTodos los productos y servicios de estas p\u00e1ginas que NO son propiedad de PLASTICOS\u00a0XIMA, S.L. son marcas registradas por sus respectivos propietarios y son reconocidas\u00a0como tales por nuestra empresa. Solamente aparecen en la web de PLASTICOS XIMA,\u00a0S.L. a efectos de promoci\u00f3n y de recopilaci\u00f3n de informaci\u00f3n. Estos propietarios\u00a0pueden solicitar la modificaci\u00f3n o eliminaci\u00f3n de la informaci\u00f3n que les pertenece.<\/p>\n<p><strong>LEY APLICABLE Y JURISDICCI\u00d3N<\/strong><br \/>\nEl presente aviso legal y condiciones generales se rigen por la legislaci\u00f3n espa\u00f1ola y\u00a0cualquier tipo de controversia o litigio relativo al uso de este sitio Web ser\u00e1\u00a0interpretado conforme a las leyes vigentes en el lugar de residencia del propietario de\u00a0este sitio web, teniendo competencia para la resoluci\u00f3n de todo litigio o conflicto que\u00a0pueda surgir los Juzgados y Tribunales competentes dentro del \u00e1mbito territorial\u00a0espa\u00f1ol, renunciando expresamente el usuario a cualquier otro fuero.[\/vc_column_text][\/vc_column][\/vc_row]\n<\/div>","protected":false},"excerpt":{"rendered":"<p>[vc_section full_width=\u00bbstretch_row\u00bb css=\u00bb.vc_custom_1725484688224{background-color: #ffffff !important;border-color: #ffffff !important;}\u00bb][vc_row full_width=\u00bbstretch_row\u00bb content_placement=\u00bbmiddle\u00bb remove_bottom_col_margin=\u00bbtrue\u00bb wpex_fixed_bg=\u00bbfixed\u00bb wpex_bg_overlay=\u00bbdark\u00bb css=\u00bb.vc_custom_1724420416640{padding-top: 30px !important;padding-bottom: 30px !important;background-image: url(http:\/\/xima.es\/wp-content\/uploads\/2024\/08\/somos-scaled.jpg?id=406) !important;background-position: center !important;background-repeat: no-repeat !important;background-size: cover !important;}\u00bb wpex_bg_overlay_opacity=\u00bb60%\u00bb min_height=\u00bb300px\u00bb][vc_column][vc_column_text css=\u00bb\u00bb text_align=\u00bbcenter\u00bb color=\u00bb#ffffff\u00bb font_size=\u00bb20px\u00bb]XIMA PL\u00c1STICOS[\/vc_column_text][\/vc_column][\/vc_row][\/vc_section][vc_row full_width=\u00bbstretch_row_content_no_spaces\u00bb content_placement=\u00bbmiddle\u00bb css=\u00bb.vc_custom_1725484721939{padding-top: 100px !important;background-color: #ffffff !important;border-color: #ffffff !important;}\u00bb local_scroll_id=\u00bbfeatures\u00bb][vc_column css=\u00bb.vc_custom_1724425462525{padding-right: 8vw !important;padding-left: 8vw !important;}\u00bb][vc_column_text css=\u00bb\u00bb]DATOS GENERALES PLASTICOS XIMA, S.L., (en adelante PLASTICOS&hellip;<\/p>\n","protected":false},"author":1,"featured_media":0,"parent":0,"menu_order":0,"comment_status":"closed","ping_status":"closed","template":"","meta":{"footnotes":""},"class_list":["post-635","page","type-page","status-publish","hentry","entry","no-media"],"_links":{"self":[{"href":"http:\/\/xima.es\/index.php\/wp-json\/wp\/v2\/pages\/635","targetHints":{"allow":["GET"]}}],"collection":[{"href":"http:\/\/xima.es\/index.php\/wp-json\/wp\/v2\/pages"}],"about":[{"href":"http:\/\/xima.es\/index.php\/wp-json\/wp\/v2\/types\/page"}],"author":[{"embeddable":true,"href":"http:\/\/xima.es\/index.php\/wp-json\/wp\/v2\/users\/1"}],"replies":[{"embeddable":true,"href":"http:\/\/xima.es\/index.php\/wp-json\/wp\/v2\/comments?post=635"}],"version-history":[{"count":3,"href":"http:\/\/xima.es\/index.php\/wp-json\/wp\/v2\/pages\/635\/revisions"}],"predecessor-version":[{"id":637,"href":"http:\/\/xima.es\/index.php\/wp-json\/wp\/v2\/pages\/635\/revisions\/637"}],"wp:attachment":[{"href":"http:\/\/xima.es\/index.php\/wp-json\/wp\/v2\/media?parent=635"}],"curies":[{"name":"wp","href":"https:\/\/api.w.org\/{rel}","templated":true}]}}