{"id":7,"date":"2021-08-10T04:11:40","date_gmt":"2021-08-10T04:11:40","guid":{"rendered":"https:\/\/totalwpdemos.wpenginepowered.com\/bolt\/?page_id=7"},"modified":"2025-06-12T11:05:44","modified_gmt":"2025-06-12T11:05:44","slug":"homepage-2","status":"publish","type":"page","link":"https:\/\/xima.es\/","title":{"rendered":"Xima &#8211; Pl\u00e1sticos"},"content":{"rendered":"<div class=\"wpb-content-wrapper\">[vc_row full_width=\u00bbstretch_row\u00bb full_height=\u00bbyes\u00bb wpex_fixed_bg=\u00bbfixed\u00bb wpex_bg_overlay=\u00bbdark\u00bb css=\u00bb.vc_custom_1725629947373{padding-top: 200px !important;padding-bottom: 200px !important;background: #222222 url(http:\/\/xima.es\/wp-content\/uploads\/2024\/09\/IMG_4668.jpg?id=668) !important;background-position: center !important;background-repeat: no-repeat !important;background-size: cover !important;}\u00bb el_class=\u00bbwpex-bg-accent\u00bb wpex_bg_overlay_opacity=\u00bb78%\u00bb][vc_column][vc_column_text css=\u00bb\u00bb text_align=\u00bbcenter\u00bb color=\u00bb#ffffff\u00bb font_size=\u00bb.9em\u00bb text_transform=\u00bbuppercase\u00bb letter_spacing=\u00bb2px\u00bb font_weight=\u00bb800&#8243;]Piezas de pl\u00e1stico por inyecci\u00f3n[\/vc_column_text]<div class=\"vcex-spacing wpex-w-100 wpex-clear\" style=\"height:20px;\"><\/div><style>.vcex-heading.vcex_69d198b06ab70{width:750px;color:#ffffff;font-size:3.8em;font-weight:200;line-height:1.2;}@media (max-width:767px){.vcex-heading.vcex_69d198b06ab70{font-size:2.5em;}}<\/style><h1 class=\"vcex-heading vcex-heading-plain vcex-module wpex-heading wpex-text-2xl wpex-text-center wpex-max-w-100 wpex-mx-auto vcex_69d198b06ab70\"><span class=\"vcex-heading-inner wpex-inline-block\">PL\u00c1STICOS XIMA<\/span><\/h1><div class=\"vcex-spacing wpex-w-100 wpex-clear\"><\/div>[\/vc_column][\/vc_row][vc_row remove_bottom_col_margin=\u00bbtrue\u00bb css=\u00bb.vc_custom_1642812135675{padding-top: 100px !important;padding-bottom: 100px !important;}\u00bb local_scroll_id=\u00bboverview\u00bb][vc_column]<style>.vcex-heading.vcex_69d198b06bdd0{width:600px;font-size:42px;}<\/style><div class=\"vcex-heading vcex-heading-plain vcex-module wpex-heading wpex-text-2xl wpex-mb-25 wpex-text-center wpex-max-w-100 wpex-mx-auto vcex_69d198b06bdd0\"><span class=\"vcex-heading-inner wpex-inline-block\">DAMOS FORMA A TU PROYECTO<\/span><\/div>[vc_column_text css=\u00bb\u00bb text_align=\u00bbcenter\u00bb width=\u00bb700px\u00bb]Especialistas en inyecci\u00f3n de pl\u00e1stico.[\/vc_column_text]<div class=\"vcex-module vcex-divider vcex-divider-solid vcex-divider-center wpex-mx-auto wpex-block wpex-h-0 wpex-border-b wpex-border-solid wpex-border-main\" style=\"margin-block:70px;border-color:#ededed;\"><\/div><div class=\"vcex-grid-container vcex-module wpex-grid wpex-gap-20 wpex-grid-cols-1 wpex-lg-grid-cols-3\" style=\"gap:80px;\"><style>.vcex-icon-box.vcex_69d198b06cfcf .vcex-icon-box-symbol{margin-bottom:10 px;}<\/style><div class=\"vcex-module vcex-icon-box vcex-icon-box-two wpex-block wpex-text-center vcex_69d198b06cfcf\"><div class=\"vcex-icon-box-symbol wpex-mb-20\"><img loading=\"lazy\" class=\"vcex-icon-box-image wpex-align-middle\" decoding=\"async\" src=\"https:\/\/xima.es\/wp-content\/uploads\/2024\/09\/a-142x140.png\" alt=\"\" srcset=\"https:\/\/xima.es\/wp-content\/uploads\/2024\/09\/a-142x140.png 142w, https:\/\/xima.es\/wp-content\/uploads\/2024\/09\/a-100x99.png 100w, https:\/\/xima.es\/wp-content\/uploads\/2024\/09\/a-152x150.png 152w, https:\/\/xima.es\/wp-content\/uploads\/2024\/09\/a-148x146.png 148w, https:\/\/xima.es\/wp-content\/uploads\/2024\/09\/a-146x144.png 146w, https:\/\/xima.es\/wp-content\/uploads\/2024\/09\/a.png 182w\" width=\"142\" height=\"140\"><\/div><div class=\"vcex-icon-box-text\"><h3 class=\"vcex-icon-box-heading wpex-heading wpex-mb-10\" style=\"font-weight:400;font-size:1.4em;\">Asesor\u00eda t\u00e9cnica<\/h3><div class=\"vcex-icon-box-content wpex-last-mb-0 wpex-clr\"><p>Nuestra implicaci\u00f3n con el cliente es total, le entendemos y nos ocupamos de dar la soluci\u00f3n \u00f3ptima a sus necesidades con tecnolog\u00eda y servicio.<\/p>\n<\/div><\/div><\/div><style>.vcex-icon-box.vcex_69d198b06e46b .vcex-icon-box-symbol{margin-bottom:10px;}<\/style><div class=\"vcex-module vcex-icon-box vcex-icon-box-two wpex-block wpex-text-center vcex_69d198b06e46b\"><div class=\"vcex-icon-box-symbol wpex-mb-20\"><img loading=\"lazy\" class=\"vcex-icon-box-image wpex-align-middle\" decoding=\"async\" src=\"https:\/\/xima.es\/wp-content\/uploads\/2024\/09\/Mantenimiento_xima-150x150.png\" alt=\"\" srcset=\"https:\/\/xima.es\/wp-content\/uploads\/2024\/09\/Mantenimiento_xima-150x150.png 150w, https:\/\/xima.es\/wp-content\/uploads\/2024\/09\/Mantenimiento_xima-100x100.png 100w, https:\/\/xima.es\/wp-content\/uploads\/2024\/09\/Mantenimiento_xima.png 155w\" width=\"150\" height=\"150\"><\/div><div class=\"vcex-icon-box-text\"><h3 class=\"vcex-icon-box-heading wpex-heading wpex-mb-10\" style=\"font-weight:400;font-size:1.4em;\">Mantenimiento<\/h3><div class=\"vcex-icon-box-content wpex-last-mb-0 wpex-clr\"><p>Disponemos de un Taller de Mantenimiento propio que da respuesta r\u00e1pida a la reparaci\u00f3n de moldes y a cualquier problema en el proceso de inyecci\u00f3n.<\/p>\n<\/div><\/div><\/div><style>.vcex-icon-box.vcex_69d198b06ef37 .vcex-icon-box-symbol{margin-bottom:10px;}<\/style><div class=\"vcex-module vcex-icon-box vcex-icon-box-two wpex-block wpex-text-center vcex_69d198b06ef37\"><div class=\"vcex-icon-box-symbol wpex-mb-20\"><img loading=\"lazy\" class=\"vcex-icon-box-image wpex-align-middle\" decoding=\"async\" src=\"https:\/\/xima.es\/wp-content\/uploads\/2024\/09\/Montaje_xima-155x150.png\" alt=\"\" srcset=\"https:\/\/xima.es\/wp-content\/uploads\/2024\/09\/Montaje_xima-155x150.png 155w, https:\/\/xima.es\/wp-content\/uploads\/2024\/09\/Montaje_xima.png 160w\" width=\"155\" height=\"150\"><\/div><div class=\"vcex-icon-box-text\"><h3 class=\"vcex-icon-box-heading wpex-heading wpex-mb-10\" style=\"font-weight:400;font-size:1.4em;\">Tecnolog\u00eda<\/h3><div class=\"vcex-icon-box-content wpex-last-mb-0 wpex-clr\"><p>Fabricamos bajo un estricto control de calidad, con m\u00e1quinas y perif\u00e9ricos de \u00faltima generaci\u00f3n. Invertimos en tecnolog\u00eda y sostenibilidad.<\/p>\n<\/div><\/div><\/div><\/div><div class=\"vcex-spacing wpex-w-100 wpex-clear\" style=\"height:40px;\"><\/div>[\/vc_column][\/vc_row][vc_row full_width=\u00bbstretch_row_content_no_spaces\u00bb column_spacing=\u00bb5&#8243; gap=\u00bb5&#8243; equal_height=\u00bbyes\u00bb remove_bottom_col_margin=\u00bbtrue\u00bb css=\u00bb.vc_custom_1749725900198{background-color: #f6f6f6 !important;}\u00bb][vc_column parallax=\u00bbcontent-moving\u00bb width=\u00bb1\/4&#8243; css=\u00bb.vc_custom_1749726218356{background-position: center !important;background-repeat: no-repeat !important;background-size: cover !important;}\u00bb offset=\u00bbvc_hidden-lg vc_hidden-md\u00bb]<a class=\"vcex-module vcex-image-banner vcex-image-banner-has-link wpex-no-underline wpex-flex wpex-flex-col wpex-w-100 wpex-justify-center wpex-relative wpex-overflow-hidden wpex-bg-gray-900 wpex-text-white wpex-hover-text-white wpex-text-center\" href=\"http:\/\/xima.es\/index.php\/servicios_xima_platicos\/\" title=\"servicios\"><span class=\"vcex-ib-img wpex-block wpex-transition-all wpex-duration-500 wpex-bg-cover wpex-absolute wpex-inset-0\" style=\"background-image:url(https:\/\/xima.es\/wp-content\/uploads\/2024\/08\/INSTALACIONES.jpg);\"><\/span><div class=\"vcex-ib-overlay wpex-absolute wpex-inset-0 wpex-transition-all wpex-duration-500\"><div class=\"vcex-ib-overlay-bg wpex-absolute wpex-inset-0 wpex-bg-black wpex-opacity-30\"><\/div><\/div><div class=\"vcex-ib-content-wrap wpex-w-100 wpex-transition-all wpex-duration-500 wpex-py-100 wpex-px-40 wpex-relative\"><div class=\"vcex-ib-content wpex-mx-auto\"><div class=\"vcex-ib-title wpex-heading wpex-inherit-color-important\">SERVICIOS<\/div><div class=\"vcex-ib-caption wpex-text-lg wpex-last-mb-0\">-<\/div><\/div><\/div><\/a>[\/vc_column][vc_column width=\u00bb1\/4&#8243; wpex_bg_overlay=\u00bbcolor\u00bb wpex_bg_overlay_color=\u00bb#04283bc7&#8243; offset=\u00bbvc_hidden-lg vc_hidden-md\u00bb]<a class=\"vcex-module vcex-image-banner vcex-image-banner-has-link wpex-no-underline wpex-flex wpex-flex-col wpex-w-100 wpex-justify-center wpex-relative wpex-overflow-hidden wpex-bg-gray-900 wpex-text-white wpex-hover-text-white wpex-text-center\" href=\"http:\/\/xima.es\/index.php\/calidad\/\" title=\"Calidad\"><span class=\"vcex-ib-img wpex-block wpex-transition-all wpex-duration-500 wpex-bg-cover wpex-absolute wpex-inset-0\" style=\"background-image:url(https:\/\/xima.es\/wp-content\/uploads\/2024\/12\/CALIDAD1.jpg);\"><\/span><div class=\"vcex-ib-overlay wpex-absolute wpex-inset-0 wpex-transition-all wpex-duration-500\"><div class=\"vcex-ib-overlay-bg wpex-absolute wpex-inset-0 wpex-bg-black wpex-opacity-30\"><\/div><\/div><div class=\"vcex-ib-content-wrap wpex-w-100 wpex-transition-all wpex-duration-500 wpex-py-100 wpex-px-40 wpex-relative\"><div class=\"vcex-ib-content wpex-mx-auto\"><div class=\"vcex-ib-title wpex-heading wpex-inherit-color-important\">CALIDAD<\/div><div class=\"vcex-ib-caption wpex-text-lg wpex-last-mb-0\">-<\/div><\/div><\/div><\/a>[\/vc_column][vc_column width=\u00bb1\/4&#8243; wpex_bg_overlay=\u00bbcolor\u00bb wpex_bg_overlay_color=\u00bb#04283ba6&#8243; wpex_bg_overlay_opacity=\u00bb85&#8243; offset=\u00bbvc_hidden-lg vc_hidden-md\u00bb]<a class=\"vcex-module vcex-image-banner vcex-image-banner-has-link wpex-no-underline wpex-flex wpex-flex-col wpex-w-100 wpex-justify-center wpex-relative wpex-overflow-hidden wpex-bg-gray-900 wpex-text-white wpex-hover-text-white wpex-text-center\" href=\"http:\/\/xima.es\/index.php\/tecnologia\/\" title=\"Tecnolog\u00eda\"><span class=\"vcex-ib-img wpex-block wpex-transition-all wpex-duration-500 wpex-bg-cover wpex-absolute wpex-inset-0\" style=\"background-image:url(https:\/\/xima.es\/wp-content\/uploads\/2024\/08\/PERIFERICOS-XIMA.jpg);\"><\/span><div class=\"vcex-ib-overlay wpex-absolute wpex-inset-0 wpex-transition-all wpex-duration-500\"><div class=\"vcex-ib-overlay-bg wpex-absolute wpex-inset-0 wpex-bg-black wpex-opacity-30\"><\/div><\/div><div class=\"vcex-ib-content-wrap wpex-w-100 wpex-transition-all wpex-duration-500 wpex-py-100 wpex-px-40 wpex-relative\"><div class=\"vcex-ib-content wpex-mx-auto\"><div class=\"vcex-ib-title wpex-heading wpex-inherit-color-important\">TECNOLOG\u00cdA<\/div><div class=\"vcex-ib-caption wpex-text-lg wpex-last-mb-0\">-<\/div><\/div><\/div><\/a>[\/vc_column][vc_column width=\u00bb1\/4&#8243; offset=\u00bbvc_hidden-lg vc_hidden-md\u00bb]<a class=\"vcex-module vcex-image-banner vcex-image-banner-has-link wpex-no-underline wpex-flex wpex-flex-col wpex-w-100 wpex-justify-center wpex-relative wpex-overflow-hidden wpex-bg-gray-900 wpex-text-white wpex-hover-text-white wpex-text-center\" href=\"http:\/\/xima.es\/index.php\/sostenibilidad\/\" title=\"Sostenibilidad\"><span class=\"vcex-ib-img wpex-block wpex-transition-all wpex-duration-500 wpex-bg-cover wpex-absolute wpex-inset-0\" style=\"background-image:url(https:\/\/xima.es\/wp-content\/uploads\/2024\/12\/1.jpg);\"><\/span><div class=\"vcex-ib-overlay wpex-absolute wpex-inset-0 wpex-transition-all wpex-duration-500\"><div class=\"vcex-ib-overlay-bg wpex-absolute wpex-inset-0 wpex-bg-black wpex-opacity-30\"><\/div><\/div><div class=\"vcex-ib-content-wrap wpex-w-100 wpex-transition-all wpex-duration-500 wpex-py-100 wpex-px-40 wpex-relative\"><div class=\"vcex-ib-content wpex-mx-auto\"><div class=\"vcex-ib-title wpex-heading wpex-inherit-color-important\">SOSTENIBILIDAD<\/div><div class=\"vcex-ib-caption wpex-text-lg wpex-last-mb-0\">-<\/div><\/div><\/div><\/a>[\/vc_column][\/vc_row][vc_row full_width=\u00bbstretch_row_content_no_spaces\u00bb equal_height=\u00bbyes\u00bb remove_bottom_col_margin=\u00bbtrue\u00bb css=\u00bb.vc_custom_1724251986196{background-color: #f6f6f6 !important;}\u00bb][vc_column parallax=\u00bbcontent-moving\u00bb width=\u00bb1\/4&#8243; css=\u00bb.vc_custom_1749726277748{background-position: center !important;background-repeat: no-repeat !important;background-size: cover !important;}\u00bb offset=\u00bbvc_hidden-sm vc_hidden-xs\u00bb]<a class=\"vcex-module vcex-image-banner vcex-image-banner-has-link wpex-no-underline wpex-flex wpex-flex-col wpex-w-100 wpex-justify-center wpex-relative wpex-overflow-hidden wpex-bg-gray-900 wpex-text-white wpex-hover-text-white wpex-text-center\" href=\"http:\/\/xima.es\/index.php\/servicios_xima_platicos\/\" title=\"servicios\"><span class=\"vcex-ib-img wpex-block wpex-transition-all wpex-duration-500 wpex-bg-cover wpex-absolute wpex-inset-0\" style=\"background-image:url(https:\/\/xima.es\/wp-content\/uploads\/2024\/08\/INSTALACIONES.jpg);\"><\/span><div class=\"vcex-ib-overlay wpex-absolute wpex-inset-0 wpex-transition-all wpex-duration-500\"><div class=\"vcex-ib-overlay-bg wpex-absolute wpex-inset-0 wpex-bg-black wpex-opacity-30\"><\/div><\/div><div class=\"vcex-ib-content-wrap wpex-w-100 wpex-transition-all wpex-duration-500 wpex-py-100 wpex-px-40 wpex-relative\"><div class=\"vcex-ib-content wpex-mx-auto\"><div class=\"vcex-ib-title wpex-heading wpex-inherit-color-important\">SERVICIOS<\/div><div class=\"vcex-ib-caption wpex-text-lg wpex-last-mb-0\">-<\/div><\/div><\/div><\/a>[\/vc_column][vc_column width=\u00bb1\/4&#8243; wpex_bg_overlay=\u00bbcolor\u00bb wpex_bg_overlay_color=\u00bb#04283bc7&#8243; offset=\u00bbvc_hidden-sm vc_hidden-xs\u00bb]<a class=\"vcex-module vcex-image-banner vcex-image-banner-has-link wpex-no-underline wpex-flex wpex-flex-col wpex-w-100 wpex-justify-center wpex-relative wpex-overflow-hidden wpex-bg-gray-900 wpex-text-white wpex-hover-text-white wpex-text-center\" href=\"http:\/\/xima.es\/index.php\/calidad\/\" title=\"Calidad\"><span class=\"vcex-ib-img wpex-block wpex-transition-all wpex-duration-500 wpex-bg-cover wpex-absolute wpex-inset-0\" style=\"background-image:url(https:\/\/xima.es\/wp-content\/uploads\/2024\/12\/CALIDAD1.jpg);\"><\/span><div class=\"vcex-ib-overlay wpex-absolute wpex-inset-0 wpex-transition-all wpex-duration-500\"><div class=\"vcex-ib-overlay-bg wpex-absolute wpex-inset-0 wpex-bg-black wpex-opacity-30\"><\/div><\/div><div class=\"vcex-ib-content-wrap wpex-w-100 wpex-transition-all wpex-duration-500 wpex-py-100 wpex-px-40 wpex-relative\"><div class=\"vcex-ib-content wpex-mx-auto\"><div class=\"vcex-ib-title wpex-heading wpex-inherit-color-important\">CALIDAD<\/div><div class=\"vcex-ib-caption wpex-text-lg wpex-last-mb-0\">-<\/div><\/div><\/div><\/a>[\/vc_column][vc_column width=\u00bb1\/4&#8243; wpex_bg_overlay=\u00bbcolor\u00bb wpex_bg_overlay_color=\u00bb#04283ba6&#8243; wpex_bg_overlay_opacity=\u00bb85&#8243; offset=\u00bbvc_hidden-sm vc_hidden-xs\u00bb]<a class=\"vcex-module vcex-image-banner vcex-image-banner-has-link wpex-no-underline wpex-flex wpex-flex-col wpex-w-100 wpex-justify-center wpex-relative wpex-overflow-hidden wpex-bg-gray-900 wpex-text-white wpex-hover-text-white wpex-text-center\" href=\"http:\/\/xima.es\/index.php\/tecnologia\/\" title=\"Tecnolog\u00eda\"><span class=\"vcex-ib-img wpex-block wpex-transition-all wpex-duration-500 wpex-bg-cover wpex-absolute wpex-inset-0\" style=\"background-image:url(https:\/\/xima.es\/wp-content\/uploads\/2024\/08\/PERIFERICOS-XIMA.jpg);\"><\/span><div class=\"vcex-ib-overlay wpex-absolute wpex-inset-0 wpex-transition-all wpex-duration-500\"><div class=\"vcex-ib-overlay-bg wpex-absolute wpex-inset-0 wpex-bg-black wpex-opacity-30\"><\/div><\/div><div class=\"vcex-ib-content-wrap wpex-w-100 wpex-transition-all wpex-duration-500 wpex-py-100 wpex-px-40 wpex-relative\"><div class=\"vcex-ib-content wpex-mx-auto\"><div class=\"vcex-ib-title wpex-heading wpex-inherit-color-important\">TECNOLOG\u00cdA<\/div><div class=\"vcex-ib-caption wpex-text-lg wpex-last-mb-0\">-<\/div><\/div><\/div><\/a>[\/vc_column][vc_column width=\u00bb1\/4&#8243; offset=\u00bbvc_hidden-sm vc_hidden-xs\u00bb]<a class=\"vcex-module vcex-image-banner vcex-image-banner-has-link wpex-no-underline wpex-flex wpex-flex-col wpex-w-100 wpex-justify-center wpex-relative wpex-overflow-hidden wpex-bg-gray-900 wpex-text-white wpex-hover-text-white wpex-text-center\" href=\"http:\/\/xima.es\/index.php\/sostenibilidad\/\" title=\"Sostenibilidad\"><span class=\"vcex-ib-img wpex-block wpex-transition-all wpex-duration-500 wpex-bg-cover wpex-absolute wpex-inset-0\" style=\"background-image:url(https:\/\/xima.es\/wp-content\/uploads\/2024\/12\/1.jpg);\"><\/span><div class=\"vcex-ib-overlay wpex-absolute wpex-inset-0 wpex-transition-all wpex-duration-500\"><div class=\"vcex-ib-overlay-bg wpex-absolute wpex-inset-0 wpex-bg-black wpex-opacity-30\"><\/div><\/div><div class=\"vcex-ib-content-wrap wpex-w-100 wpex-transition-all wpex-duration-500 wpex-py-100 wpex-px-40 wpex-relative\"><div class=\"vcex-ib-content wpex-mx-auto\"><div class=\"vcex-ib-title wpex-heading wpex-inherit-color-important\">SOSTENIBILIDAD<\/div><div class=\"vcex-ib-caption wpex-text-lg wpex-last-mb-0\">-<\/div><\/div><\/div><\/a>[\/vc_column][\/vc_row][vc_row full_width=\u00bbstretch_row\u00bb content_placement=\u00bbmiddle\u00bb parallax=\u00bbcontent-moving\u00bb parallax_image=\u00bb392&#8243; remove_bottom_col_margin=\u00bbtrue\u00bb wpex_bg_overlay=\u00bbdark\u00bb css=\u00bb.vc_custom_1724410104681{padding-top: 100px !important;padding-bottom: 100px !important;background-image: url(http:\/\/xima.es\/wp-content\/uploads\/sites\/66\/2022\/01\/brooke-cagle-g1Kr4Ozfoac-unsplash.jpg?id=342) !important;background-position: center;background-repeat: no-repeat;background-size:cover;}\u00bb wpex_bg_overlay_opacity=\u00bb60%\u00bb min_height=\u00bb500px\u00bb][vc_column width=\u00bb1\/3&#8243;]<style>.vcex-icon.vcex_69d198b07330e .vcex-icon-wrap{color:#ffffff;}<\/style><div class=\"vcex-icon vcex-module vcex-icon-normal wpex-text-center vcex_69d198b07330e\"><div class=\"vcex-icon-wrap wpex-inline-flex wpex-items-center wpex-justify-center wpex-leading-none\"><span aria-hidden=\"true\" class=\"vc-mono vc-mono-gowallapin\"><\/span><\/div><\/div><style>.vcex-heading.vcex_69d198b07383a{color:#ffffff;font-size:25px;line-height:1.2;}@media (max-width:959px){.vcex-heading.vcex_69d198b07383a{font-size:40px;}}@media (max-width:479px){.vcex-heading.vcex_69d198b07383a{font-size:35px;}}<\/style><div class=\"vcex-heading vcex-heading-plain vcex-module wpex-heading wpex-text-2xl wpex-mb-15 wpex-text-center vcex_69d198b07383a\"><span class=\"vcex-heading-inner wpex-inline-block\">D\u00d3NDE ESTAMOS<\/span><\/div>[vc_column_text css=\u00bb\u00bb text_align=\u00bbcenter\u00bb color=\u00bb#ffffff\u00bb font_size=\u00bb20px\u00bb]Pol\u00edgono Ind. El Escopar, Calle A, N9, 31350 Peralta, Navarra (Espa\u00f1a)[\/vc_column_text]<div class=\"vcex-spacing wpex-w-100 wpex-clear\" style=\"height:40px;\"><\/div>[\/vc_column][vc_column width=\u00bb1\/3&#8243;]<style>.vcex-icon.vcex_69d198b073bbc .vcex-icon-wrap{color:#ffffff;}<\/style><div class=\"vcex-icon vcex-module vcex-icon-normal wpex-text-center vcex_69d198b073bbc\"><div class=\"vcex-icon-wrap wpex-inline-flex wpex-items-center wpex-justify-center wpex-leading-none\"><span aria-hidden=\"true\" class=\"fas fa-phone-volume\"><\/span><\/div><\/div><style>.vcex-heading.vcex_69d198b073efa{color:#ffffff;font-size:25px;line-height:1.2;}@media (max-width:959px){.vcex-heading.vcex_69d198b073efa{font-size:40px;}}@media (max-width:479px){.vcex-heading.vcex_69d198b073efa{font-size:35px;}}<\/style><div class=\"vcex-heading vcex-heading-plain vcex-module wpex-heading wpex-text-2xl wpex-mb-15 wpex-text-center vcex_69d198b073efa\"><span class=\"vcex-heading-inner wpex-inline-block\">LL\u00c1MANOS<\/span><\/div>[vc_column_text css=\u00bb\u00bb text_align=\u00bbcenter\u00bb color=\u00bb#ffffff\u00bb font_size=\u00bb20px\u00bb](+34) 948 753 001[\/vc_column_text]<div class=\"vcex-spacing wpex-w-100 wpex-clear\" style=\"height:40px;\"><\/div>[\/vc_column][vc_column width=\u00bb1\/3&#8243;]<style>.vcex-icon.vcex_69d198b0742ae .vcex-icon-wrap{color:#ffffff;}<\/style><div class=\"vcex-icon vcex-module vcex-icon-normal wpex-text-center vcex_69d198b0742ae\"><div class=\"vcex-icon-wrap wpex-inline-flex wpex-items-center wpex-justify-center wpex-leading-none\"><span aria-hidden=\"true\" class=\"entypo-icon entypo-icon-mail\"><\/span><\/div><\/div><style>.vcex-heading.vcex_69d198b074605{color:#ffffff;font-size:25px;line-height:1.2;}@media (max-width:959px){.vcex-heading.vcex_69d198b074605{font-size:40px;}}@media (max-width:479px){.vcex-heading.vcex_69d198b074605{font-size:35px;}}<\/style><div class=\"vcex-heading vcex-heading-plain vcex-module wpex-heading wpex-text-2xl wpex-mb-15 wpex-text-center vcex_69d198b074605\"><span class=\"vcex-heading-inner wpex-inline-block\">CONTACTA CON NOSOTROS<\/span><\/div>[vc_column_text css=\u00bb\u00bb text_align=\u00bbcenter\u00bb color=\u00bb#ffffff\u00bb font_size=\u00bb20px\u00bb]xima@xima.es[\/vc_column_text]<div class=\"vcex-spacing wpex-w-100 wpex-clear\" style=\"height:40px;\"><\/div>[\/vc_column][\/vc_row]\n<\/div>","protected":false},"excerpt":{"rendered":"<p>[vc_row full_width=\u00bbstretch_row\u00bb full_height=\u00bbyes\u00bb wpex_fixed_bg=\u00bbfixed\u00bb wpex_bg_overlay=\u00bbdark\u00bb css=\u00bb.vc_custom_1725629947373{padding-top: 200px !important;padding-bottom: 200px !important;background: #222222 url(http:\/\/xima.es\/wp-content\/uploads\/2024\/09\/IMG_4668.jpg?id=668) !important;background-position: center !important;background-repeat: no-repeat !important;background-size: cover !important;}\u00bb el_class=\u00bbwpex-bg-accent\u00bb wpex_bg_overlay_opacity=\u00bb78%\u00bb][vc_column][vc_column_text css=\u00bb\u00bb text_align=\u00bbcenter\u00bb color=\u00bb#ffffff\u00bb font_size=\u00bb.9em\u00bb text_transform=\u00bbuppercase\u00bb letter_spacing=\u00bb2px\u00bb font_weight=\u00bb800&#8243;]Piezas de pl\u00e1stico por inyecci\u00f3n[\/vc_column_text][\/vc_column][\/vc_row][vc_row remove_bottom_col_margin=\u00bbtrue\u00bb css=\u00bb.vc_custom_1642812135675{padding-top: 100px !important;padding-bottom: 100px !important;}\u00bb local_scroll_id=\u00bboverview\u00bb][vc_column][vc_column_text css=\u00bb\u00bb text_align=\u00bbcenter\u00bb width=\u00bb700px\u00bb]Especialistas en inyecci\u00f3n de pl\u00e1stico.[\/vc_column_text][\/vc_column][\/vc_row][vc_row full_width=\u00bbstretch_row_content_no_spaces\u00bb column_spacing=\u00bb5&#8243; gap=\u00bb5&#8243; equal_height=\u00bbyes\u00bb remove_bottom_col_margin=\u00bbtrue\u00bb css=\u00bb.vc_custom_1749725900198{background-color: #f6f6f6 !important;}\u00bb][vc_column parallax=\u00bbcontent-moving\u00bb&hellip;<\/p>\n","protected":false},"author":1,"featured_media":0,"parent":0,"menu_order":0,"comment_status":"closed","ping_status":"closed","template":"","meta":{"footnotes":""},"class_list":["post-7","page","type-page","status-publish","hentry","entry","no-media"],"_links":{"self":[{"href":"https:\/\/xima.es\/index.php\/wp-json\/wp\/v2\/pages\/7","targetHints":{"allow":["GET"]}}],"collection":[{"href":"https:\/\/xima.es\/index.php\/wp-json\/wp\/v2\/pages"}],"about":[{"href":"https:\/\/xima.es\/index.php\/wp-json\/wp\/v2\/types\/page"}],"author":[{"embeddable":true,"href":"https:\/\/xima.es\/index.php\/wp-json\/wp\/v2\/users\/1"}],"replies":[{"embeddable":true,"href":"https:\/\/xima.es\/index.php\/wp-json\/wp\/v2\/comments?post=7"}],"version-history":[{"count":28,"href":"https:\/\/xima.es\/index.php\/wp-json\/wp\/v2\/pages\/7\/revisions"}],"predecessor-version":[{"id":863,"href":"https:\/\/xima.es\/index.php\/wp-json\/wp\/v2\/pages\/7\/revisions\/863"}],"wp:attachment":[{"href":"https:\/\/xima.es\/index.php\/wp-json\/wp\/v2\/media?parent=7"}],"curies":[{"name":"wp","href":"https:\/\/api.w.org\/{rel}","templated":true}]}}